lculate the highest common divisor of 586703 and 13.
13
What is the greatest common factor of 1764 and 33003?
9
What is the highest common divisor of 511980 and 159?
159
What is the greatest common factor of 125 and 202675?
25
What is the greatest common factor of 90 and 64404?
18
What is the greatest common divisor of 19 and 23123?
19
What is the greatest common factor of 429770 and 110?
110
What is the greatest common factor of 1760487 and 1294?
647
What is the highest common divisor of 156561 and 69?
69
Calculate the highest common factor of 192216 and 72.
24
What is the greatest common divisor of 372075 and 1210?
605
What is the highest common factor of 983653 and 33?
11
What is the greatest common divisor of 5005 and 118937?
91
What is the highest common factor of 55874 and 98?
14
Calculate the highest common factor of 1521 and 147030.
507
What is the highest common factor of 267 and 380386?
89
Calculate the highest common divisor of 87780 and 2695.
385
What is the highest common divisor of 130 and 197535?
65
Calculate the highest common factor of 60 and 41660.
20
What is the highest common factor of 32426 and 164745?
523
What is the highest common divisor of 607 and 2605851?
607
What is the greatest common factor of 5414 and 66?
2
Calculate the greatest common divisor of 65 and 477646.
13
Calculate the highest common divisor of 14910 and 9390.
30
Calculate the greatest common divisor of 5 and 1011.
1
What is the highest common factor of 18 and 4735602?
18
Calculate the highest common factor of 88 and 116182.
22
What is the greatest common divisor of 3528 and 728?
56
Calculate the highest common factor of 930 and 57846.
186
What is the highest common divisor of 59133 and 207?
69
What is the greatest common factor of 40430 and 45695?
65
Calculate the greatest common divisor of 265 and 273109.
53
Calculate the greatest common factor of 772 and 12316.
4
What is the highest common divisor of 624 and 150?
6
What is the highest common factor of 128 and 918656?
128
Calculate the greatest common factor of 3052 and 84.
28
What is the highest common divisor of 9659090 and 602?
602
What is the greatest common divisor of 95 and 8132?
19
Calculate the highest common divisor of 606903 and 2082.
1041
Calculate the greatest common divisor of 25252 and 321.
107
What is the highest common divisor of 2660 and 32452?
532
Calculate the highest common factor of 225311 and 466.
233
Calculate the highest common divisor of 524623 and 1221.
407
What is the highest common divisor of 8018 and 97271?
211
What is the highest common divisor of 2699136 and 24?
24
Calculate the greatest common divisor of 648292 and 268.
268
What is the greatest common divisor of 87 and 155643?
87
What is the highest common divisor of 60707 and 17?
17
What is the highest common divisor of 21 and 10041?
3
Calculate the greatest common divisor of 409493 and 137.
137
Calculate the highest common factor of 382892 and 44.
4
What is the greatest common factor of 12080 and 90902?
302
Calculate the greatest common divisor of 65904 and 32.
16
Calculate the greatest common factor of 515159 and 79.
79
What is the greatest common factor of 465 and 131595?
465
What is the greatest common divisor of 2200 and 18425?
275
What is the greatest common factor of 302 and 7726217?
151
What is the greatest common divisor of 892 and 130678?
446
What is the greatest common divisor of 15 and 134160?
15
What is the greatest common factor of 50 and 32850?
50
Calculate the highest common divisor of 14523 and 824.
103
Calculate the highest common divisor of 786161 and 754.
29
What is the greatest common divisor of 104 and 140348?
52
What is the highest common factor of 102580 and 11960?
460
What is the greatest common divisor of 4281906 and 186?
186
What is the highest common factor of 164 and 143254?
82
Calculate the greatest common divisor of 7794 and 36.
18
Calculate the highest common factor of 5424 and 3408.
48
What is the greatest common divisor of 98210 and 105?
35
What is the highest common factor of 775 and 9424?
31
Calculate the highest common factor of 26 and 1930279.
13
What is the highest common factor of 28030 and 55?
5
What is the greatest common divisor of 18439 and 19?
1
Calculate the greatest common divisor of 348 and 10212.
12
What is the greatest common divisor of 1768 and 90610?
442
Calculate the greatest common divisor of 15291 and 447.
3
What is the greatest common divisor of 6 and 2864271?
3
Calculate the highest common factor of 416 and 2096.
16
Calculate the greatest common factor of 38 and 1335320.
38
What is the greatest common divisor of 15820 and 1540?
140
Calculate the highest common factor of 205590 and 62745.
1335
Calculate the highest common factor of 20 and 107430.
10
Calculate the greatest common factor of 439192 and 1144.
104
What is the greatest common factor of 5865830 and 226?
226
What is the highest common divisor of 99 and 171504?
9
Calculate the highest common factor of 34293 and 7455.
1491
Calculate the greatest common divisor of 588 and 1812.
12
Calculate the highest common factor of 112463 and 422.
211
What is the greatest common factor of 4069 and 211901?
313
What is the highest common divisor of 447885 and 135?
45
What is the highest common divisor of 562099 and 541?
541
What is the greatest common factor of 296 and 8103?
37
Calculate the highest common divisor of 35110 and 80.
10
What is the highest common divisor of 1320 and 195888?
264
What is the highest common factor of 43516 and 161?
23
Calculate the greatest common divisor of 728 and 8568.
56
Calculate the greatest common factor of 2907 and 1700.
17
What is the greatest common divisor of 750692 and 424?
212
Calculate the highest common factor of 179 and 36.
1
Calculate the highest common factor of 1086210 and 810.
810
Calculate the greatest common factor of 820 and 29438.
82
Calculate the greatest common divisor of 105770 and 42.
14
What is the highest common factor of 8190 and 1379?
7
What is the greatest common divisor of 74752 and 34456?
584
Calculate the greatest common factor of 94266 and 36.
18
What is the greatest common factor of 2427 and 258071?
809
What is the greatest common divisor of 1767312 and 1296?
432
Calculate the highest common divisor of 5135 and 325559.
1027
Calculate the greatest common divisor of 735 and 58653.
147
What is the greatest common divisor of 1081475 and 6335?
905
Calculate the highest common divisor of 13404 and 18.
6
What is the greatest common factor of 303 and 424200?
303
What is the greatest common factor of 40 and 26580?
20
What is the highest common divisor of 2584440 and 4320?
1080
What is the greatest common factor of 33916 and 1220?
244
Calculate the highest common divisor of 473664 and 192.
192
What is the greatest common factor of 3306 and 6099?
57
Calculate the highest common divisor of 6915 and 100959.
1383
Calculate the highest common factor of 64 and 538216.
8
What is the highest common divisor of 74942 and 2968?
742
Calculate the greatest common factor of 13 and 96928.
13
What is the highest common divisor of 508 and 117729?
127
Calculate the highest common divisor of 268 and 202876.
268
Calculate the highest common divisor of 294855 and 2310.
165
Calculate the highest common factor of 14 and 1120098.
14
What is the highest common divisor of 483 and 107877?
21
Calculate the greatest common divisor of 989509 and 298.
149
What is the highest common divisor of 184 and 137912?
8
What is the highest common factor of 384 and 9168?
48
Calculate the greatest common factor of 140 and 30296.
28
What is the greatest common divisor of 1171508 and 2704?
676
What is the highest common divisor of 410 and 68265?
205
What is the greatest common factor of 2862669 and 366?
183
Calculate the highest common divisor of 236 and 505217.
59
Calculate the greatest common factor of 676 and 724165.
169
What is the highest common divisor of 81 and 1173?
3
What is the highest common divisor of 293181 and 483?
483
What is the greatest common divisor of 1047 and 918?
3
Calculate the greatest common divisor of 45955 and 455.
455
Calculate the greatest common divisor of 4735 and 180.
5
Calculate the highest common factor of 8960 and 5768.
56
Calculate the highest common factor of 100 and 490.